21 = 3*d. Suppose -q*p + 8 = -2*p. Calculate the greatest common divisor of c and p.
1
Suppose -20 = 3*r - 185. What is the highest common factor of 22 and r?
11
Let z(r) = -1 - r + 5*r**2 + 3 - r. Let k be z(5). What is the highest common factor of k and 13?
13
Let v = -7 - -11. Let s be 4/(-10) + 2828/70. Calculate the greatest common factor of s and v.
4
Let b(a) = 4*a**3 - 2*a**2. Let s be 2 - (-2)/6*0. Let i be b(s). What is the highest common factor of 8 and i?
8
Suppose -y + 13 = -19. What is the highest common divisor of y and 4?
4
Suppose 0 = j - 2*j + 5. Calculate the greatest common factor of j and 45.
5
Suppose 3*i + 4*t - 1 = 0, 3*i - 17 = 2*t + 2*t. Suppose -i*p - 2*p = -735. Calculate the highest common factor of 21 and p.
21
Let u = -19 - -22. Suppose 0 = 3*k - 2*r - 46, 3*k = -2*r - u*r + 32. Calculate the greatest common divisor of 21 and k.
7
Suppose 0 = -3*m + 4*m - 154. What is the highest common divisor of m and 14?
14
Let c = -6 - -16. Let b be (-2)/4*0 - -50. What is the greatest common divisor of b and c?
10
Suppose -2*w + 3*w - 3 = 0. Let v be (w - 1)*99/2. What is the highest common divisor of 9 and v?
9
Let a = -17 - -32. Calculate the greatest common factor of 5 and a.
5
Suppose -4*r = -2*t - 18, -4*r + 18 = -5*t - 9. What is the greatest common factor of 3 and r?
3
Suppose 5*x = 20, 2*x = -2*a + 27 - 5. Calculate the greatest common factor of a and 56.
7
Suppose 3*f + x = -3*x + 10, -8 = -3*f - 5*x. Suppose -2*g + 3*i - f*i + 22 = 0, 0 = 5*g - 2*i - 36. What is the highest common divisor of g and 8?
8
Suppose 3*h = 8*h - 240. Let b be (-2)/(-1 + -1 - -1). Suppose -b*l - 2*l = -h. What is the greatest common divisor of 60 and l?
12
Let g(q) = -3*q + 60. Let y be g(6). Calculate the greatest common divisor of 378 and y.
42
Suppose 5*v - 188 = 212. Calculate the highest common divisor of v and 10.
10
Suppose -2*q = -4*h + 32, -4*h + 7 = 4*q - 1. Calculate the highest common factor of h and 9.
3
Let n be (11*1)/(5*(-7)/(-35)). Calculate the highest common divisor of n and 11.
11
Let x(t) = 29*t + 1. Let m be x(3). Let y(g) = g**3 + 6*g**2 - 3*g - 2. Let f be y(-6). Suppose 2*c + 0 = f. What is the highest common factor of m and c?
8
Let a(x) = -x**2 - 7*x + 8. Let f be a(-7). Calculate the greatest common factor of f and 64.
8
Let n = 62 - 45. Calculate the greatest common divisor of n and 136.
17
Suppose 8*h + 50 = 3*h. Let b = h + 12. Let s be b/8 + 501/12. What is the greatest common divisor of s and 14?
14
Let t(z) = -z**2 - 3*z + 9. Let s be t(-7). Let g = 2 - s. What is the greatest common divisor of g and 7?
7
Let l = 74 - 39. Suppose -l = 3*o - 110. Calculate the highest common divisor of o and 225.
25
Let x be (1 + 168/(-3))/(2/(-14)). Calculate the highest common divisor of x and 35.
35
Suppose w + 18 = 3*x - 3*w, -x - 4*w + 6 = 0. What is the highest common divisor of x and 42?
6
Suppose 3*c - 5*w - 19 = 0, 4*c + 3*w = 1 + 5. Suppose -20 - 4 = -c*f. Let m = f + 5. Calculate the greatest common divisor of 39 and m.
13
Let l(j) = -6*j + 1. Let z be l(-2). Suppose -3*b - 2*b = -520. Calculate the highest common divisor of z and b.
13
Let r(a) = 2*a**2 + 7*a + 3. Let z be r(-6). Suppose 0 = 34*j - 30*j - q - 89, -2*j + 2*q = -46. What is the highest common factor of j and z?
11
Let n be (-2)/12 + 165/18. Let p(v) = v**3 - v**2 - 2*v + 1. Let s be p(2). Calculate the greatest common factor of s and n.
1
Suppose 4*m + 20 = 8*m. Suppose -27 + 7 = -m*z. What is the greatest common divisor of 10 and z?
2
Suppose -9 = -4*j + 19. Suppose -3*w - 1 = -j, -2*l - w = -20. Let v = 58 + 41. What is the highest common divisor of v and l?
9
Let a = 8 + 24. What is the highest common factor of 96 and a?
32
Let f(z) = 7*z - 2. Let q be f(3). What is the greatest common divisor of q and 133?
19
Suppose -j = 3*g - 15, 2*j = -4*g - 2*j + 28. What is the greatest common divisor of g and 36?
4
Suppose -2*l + 154 = -4*h + 14, l + h - 73 = 0. What is the highest common factor of 12 and l?
12
Let w(h) = h**2 + 7*h - 7. Let u be w(-8). Let b(x) be the second derivative of 33*x**4/2 - x. Let a be b(u). What is the highest common divisor of 18 and a?
18
Suppose 0 = -9*k + 4*k + 300. Let v be (14 - 26)/(1 + -2). What is the highest common factor of k and v?
12
Let q = -31 - -35. What is the highest common factor of 2 and q?
2
Let z = 2 - 6. Let y = 0 + z. Let a be (-496)/(-28) + y/(-14). Calculate the greatest common divisor of a and 90.
18
Suppose 0 = 5*x + 4*f - 50 - 126, -5*x - 3*f = -172. Calculate the highest common factor of 352 and x.
32
Let b = 5 + 4. What is the greatest common factor of 9 and b?
9
Suppose 2*r + 3*r - 225 = 5*p, -4*r - 2*p + 174 = 0. What is the greatest common divisor of 11 and r?
11
Suppose 0 = -3*r + 5*g - 3*g + 204, 3*r - 5*g - 204 = 0. What is the highest common divisor of r and 170?
34
Suppose 5*q - p - 10 = 0, -4*q + 5 = 5*p - 3. Calculate the greatest common divisor of 8 and q.
2
Let r be 8 - (-2 + 0/(-3)). Suppose 2*n - 3 = -n. What is the highest common factor of r and n?
1
Suppose -8*m + 3*m + 15 = 0. Let k be (m - -28)/(1 - 0). Suppose -k - 49 = -4*y. Calculate the highest common divisor of y and 20.
20
Let b(h) = 1 + 8 + 3 + 2*h + 3. Let c be b(11). Suppose -2*m - 24 = -4*n, 5*n + 3*m - c = 2*m. Calculate the greatest common factor of n and 28.
7
Suppose 0 = 3*y + 3*u - 333, -3*y + 3*u + 339 = -0*y. Suppose -4*n + y = -4*b, -5*n = -2*b + b - 136. Calculate the greatest common factor of 9 and n.
9
Let l(n) = 11*n**3 - n + 4. Let x be l(2). What is the greatest common factor of 10 and x?
10
Suppose 15 = -3*o, 4*o + 19 = -4*x + o. Let c(y) = -y**2 - 3*y - 1. Let b be c(-2). Let g = b - x. Calculate the highest common divisor of g and 8.
2
Let t be 6*(1 - (-1)/(-2)). Let z be 8*t/4*5. Let h be (z/(-4))/((-2)/4). Calculate the greatest common divisor of h and 45.
15
Let b = 20 - 16. Let t be (2 + -12)*b/(-2). Calculate the greatest common divisor of t and 8.
4
Let w(s) = 19*s**3 - 2*s**2 + 1. Let i be w(1). What is the greatest common factor of 63 and i?
9
Let i be 1*9/(-24) + (-7305)/(-24). Calculate the greatest common divisor of 38 and i.
38
Let d be (-7)/(-1) - (-2 + 3). Calculate the highest common factor of 9 and d.
3
Suppose -4*h = x - 99, 0 = -2*x - h - h + 198. What is the highest common divisor of x and 11?
11
Suppose 0 = -4*r + 2*r + 2. Let l = 10 - r. Calculate the highest common factor of l and 81.
9
Suppose 5*m - 10 = -0*m. Let f be m/(6/57) - 1. What is the highest common divisor of 36 and f?
18
Let q be 2 + 0 - (-6)/2. Suppose 0 = 2*u - 0*x + 2*x - 8, 2*u + q*x = 8. Calculate the greatest common factor of u and 4.
4
Suppose 95 = -3*d + 1355. Suppose 5*f - 2125 = -d. What is the highest common factor of 31 and f?
31
Let h = -15 - -147. Let y = -24 - -36. What is the highest common factor of y and h?
12
Suppose b = 2*p - 11, -p - 13 = -5*p - b. Let l = p - -59. What is the highest common divisor of 9 and l?
9
Suppose -5*b - 5*l = -l - 1605, -3*l = 0. Let v be 6/(-30) + b/5. Let q = -7 + 15. Calculate the greatest common divisor of v and q.
8
Let p = -68 - -77. Calculate the greatest common divisor of 81 and p.
9
Let r(l) = -7*l - 12. Let m be r(-4). What is the highest common divisor of 2 and m?
2
Let f be 8/(-28) + (-74)/(-14). Suppose -y - 2 = 3*t, -4*y + t + f = -26. Suppose -2*c - 5 = -y*c. Calculate the highest common divisor of c and 7.
1
Suppose 0 = 3*x - 15. Suppose -2*n = -x*n + 15. Suppose n*c - 2*c - 18 = 0. Calculate the highest common divisor of 54 and c.
6
Let a be (-16)/(-5 - -1) - 2. Suppose -g + 61 = p - a*g, -4*p + 259 = g. Let o = 11 + -3. Calculate the greatest common divisor of o and p.
8
Suppose -5*r + 2 = -13. Suppose 0 = -r*a + 4*d + 11, 4*a - d - 48 = -4*d. Calculate the highest common divisor of 63 and a.
9
Let q = -51 - -121. Let s = 10 - 0. Calculate the greatest common divisor of q and s.
10
Let g(a) = a**3 + 6*a**2 + 5*a + 6. Let t be g(-5). What is the highest common factor of t and 9?
3
Let b = 9 + 6. Calculate the highest common divisor of 15 and b.
15
Let w(p) be the third derivative of -p**5/60 + 7*p**4/24 + p**3/3 - 2*p**2. Let r be w(6). Calculate the highest common factor of 2 and r.
2
Let k be (-14)/(-35) - (-4)/(-10). Suppose -31 = -4*r - k*b + b, 